 - 21) - 6
6
What is 4 + (-4 - (-1 + 1)) + 1?
1
What is the value of (-1 - (7 + -3)) + 3?
-2
11 + -15 - (0 + -1 - 1)
-2
Evaluate -2 + (-1 - -3) + 0.
0
-8 - (-3 + (2 - (4 + -5)))
-8
What is the value of (-10 - (1 - -1)) + (4 - 0)?
-8
What is 2 - (0 + (0 - 0 - 2))?
4
What is the value of -5 - (-2 - -2) - (-1 + -9)?
5
Evaluate 6 - 2 - (2 + -2).
4
What is -5 - ((1 - 4) + 1 + 2)?
-5
Calculate -1 - 12 - (-36 - -25).
-2
Evaluate 34 - 34 - (2 - -4) - -6.
0
Evaluate 8 + (4 - 2) + 6 + -8.
8
Evaluate (7 - (13 + -6)) + -1 + 3.
2
What is 3 - 0 - 4 - (-27 - -22)?
4
Calculate -3 + -5 + (-2 - -5).
-5
What is (12 + -5 - 5) + -12?
-10
Evaluate (-8 - (-14 - 1 - -4)) + -4.
-1
What is 4 - (7 - (4 - 5))?
-4
What is -1 + (-5 + -1 - (2 - 5))?
-4
Calculate -2 + -1 + -1 - (-7 + 3).
0
Calculate -1 + (-2 - 9 - -14).
2
103 + -102 - (-1 - -1 - 0)
1
What is -1 - -2 - (48 + -48)?
1
What is the value of -3 - (-4 - (3 + -8 - 1))?
-5
20 - (9 + 12 + -8)
7
Calculate -1 - ((-2 - -1) + -1 - 2).
3
What is the value of -17 + 4 - (19 - 25)?
-7
3 + (17 + -16 - (-1 + 4))
1
Calculate (-1 - (-1 + -3)) + -8 - -1.
-4
What is the value of -7 - (-1 - -8 - 9)?
-5
Evaluate 16 + -20 + (-8 - -18).
6
What is the value of 4 - ((-6 - -2) + 9)?
-1
What is the value of (2 - 4) + 3 + -2 + -3?
-4
Calculate 1 + -6 + 3 - (1 + -1).
-2
What is -4 + 8 - 5 - -2?
1
What is the value of -5 - (-5 - (5 + -5))?
0
Calculate -31 + 35 - (10 + -1).
-5
Calculate -10 - (7 - (15 + -5)).
-7
Calculate -6 + 4 - -5 - 1.
2
-12 + (4 - (-11 - -8))
-5
-4 - (4 - -1 - 11)
2
-2 - (4 - 12 - -2)
4
What is 2 - 0 - (9 - (3 - -4))?
0
What is the value of (6 - (2 + 3)) + 2 - -4?
7
Calculate (-7 - 1 - -1) + 2.
-5
What is 6 + (2 - (0 + 1 + 4))?
3
What is the value of (1 + 1 - 0 - 3) + -1?
-2
What is (-3 - -4) + 0 + -5 + 2?
-2
What is -10 - (16 + -15 + (-4 - 3))?
-4
What is the value of -1 + 7 - (2 - 0)?
4
(9 - 3) + -4 + 2 + -1
3
What is the value of -4 + 4 - 5 - -8?
3
-2 + 0 - (0 - (3 + -5))
-4
(3 + -1 - 6) + 4
0
What is 4 + -6 + 3 - 4?
-3
Evaluate (13 - 0) + 7 + (-22 - -10).
8
Evaluate (0 - -6 - 11) + 5.
0
Calculate -3 + 4 + -2 - -3.
2
Calculate (16 - 14) + -4 + -5 + 9.
2
(2 - 0) + 2 + -1
3
What is 2 + -1 + (-5 - -7) - 4?
-1
Calculate (-8 - -10) + 7 + -2.
7
(-6 - (3 - 12)) + -8 - -8
3
What is the value of -6 - (11 + -8 - 10 - -1)?
0
Evaluate 0 - -4 - -3 - 4 - 5.
-2
What is the value of -1 - (-3 + 4 + 2 - 4)?
0
Evaluate (4 - (-3 + 3)) + -1.
3
(-9 + 9 - 4) + 2 + -1
-3
What is (-8 + 10 - 6) + -4 + 5?
-3
What is the value of -6 + (-5 - -9 - 2) - -5?
1
What is the value of 20 - 14 - (-2 + 5)?
3
Calculate -3 - (2 + 1 - (11 + -10)).
-5
What is -2 + -1 - (-4 + 5 + -5)?
1
Evaluate 4 + 1 - (-9 + 22 - 15).
7
What is (-5 - (-18 + 11)) + (-5 - -1)?
-2
Calculate -1 + -2 - (-6 - -2 - -1).
0
(-3 + -4 + -3 - -1) + 5
-4
Calculate (3 - -1) + (-4 - (-5 + 3)).
2
What is 8 - (-4 + (17 - 8))?
3
(-4 - 2 - -3) + 4
1
Evaluate 1 - (1 + (-6 - (-5 - -2))).
3
Evaluate 4 + -8 + -4 + 2 + 11.
5
2 + -7 + -3 - -8
0
Evaluate -12 - (0 - 8 - (5 + -10)).
-9
Evaluate 4 + (-5 - -4) - 5.
-2
2 + 2 + -4 - (-3 - 1)
4
What is -12 + 2 + -6 - -10?
-6
Calculate (6 - 1 - 9) + 9.
5
What is -5 + (3 + -17 - -10)?
-9
What is (-9 - -2) + (56 - 51)?
-2
-41 + 45 - (0 - 1)
5
What is -1 + 0 + (1 - 5) + 4?
-1
What is -3 + -5 + (-1 - -6) + 4?
1
Evaluate 1 + (-13 + 18 - (-2 + 8)).
0
(-9 + 13 - -3) + -6
1
What is -3 - (4 - 2 - 7)?
2
What is the value of 2 + 7 - (9 - -2)?
-2
What is 5 + (-4 - 9) - -16?
8
-5 - (2 + -4 + 2 + -5)
0
Evaluate 1 + -4 + (-11 - -8).
-6
Calculate -6 - (-2 + -3 + (15 - 19)).
3
(-8 - -6) + (7 - 4)
1
What is -11 - 2 - (75 - 82)?
-6
Calculate -5 - (3 + (-9 - (10 - 8))).
3
What is the value of 5 + (4 - 4) + -2?
3
What is the value of 3 - (1 - 5 - -3)?
4
What is 2 + (0 - -1) - (-1 - 1)?
5
What is (-2 - 8) + 35 + -29?
-4
5 + -2 + 2 + (-28 - -27)
4
What is 9 + -1 + (-5 - -6)?
9
0 - (-8 + 5 - 1)
4
What is the value of -1 - -1 - (-11 + -7 + 28)?
-10
What is -1 + 0 + -2 + 4 - 5?
-4
Evaluate (-5 - -6) + (1 - -1) + -1.
2
3 + (-2 - (5 - 4)) - 4
-4
What is 5 + -4 + 4 - 10 - 0?
-5
Evaluate -3 + 14 + -16 + 4 + -1.
-2
What is 6 + -9 + (-4 - (-6 + 5))?
-6
Evaluate 1 - (-5 + 10 - (-2 + 1)).
-5
What is the value of 12 + (-6 - -9) + -9?
6
What is the value of (-1 - -3) + -14 + 6?
-6
What is (7 - (18 + -4 + -2)) + 12?
7
(-1 - 6) + 5 + -5 + 7
0
Evaluate 0 - (-9 - -1 - (3 - 6)).
5
What is the value of (-1 - 1) + 4 + -6 + -1?
-5
Calculate (-9 - (8 + -19)) + -3.
-1
-5 - -1 - (3 + -8)
1
What is (-1 - (-3 - -1)) + -5?
-4
Calculate (-4 - 1) + 3 + 15 + -7.
6
Calculate (-3 - -4) + 5 + -4 + 2.
4
Evaluate (-7 - -11 - -1) + -5.
0
What is (-5 - -5 - -4) + -6?
-2
Calculate -4 + 6 + (4 + -9 - -2).
-1
Calculate -44 - -45 - (0 + 2 + 3).
-4
(3 - 8) + 4 - -3
2
What is the value of 4 + -3 + (-3 - 5) + 16?
9
What is the value of 12 - 6 - (1 - -2)?
3
Evaluate (1 - 1) + -2 + (-7 - -8).
-1
1 + 4 - (3 - (-4 + 7))
5
What is 0 - (2 + -11 + 6)?
3
Calculate 10 + -4 + (-4 - -1) + 2.
5
-8 - (2 + -8) - 2
-4
Calculate 1 + 0 + -2 + 6 + -3.
2
What is (-4 - -3) + -7 + 3?
-5
Calculate (-3 + 7 - -1) + -5.
0
Calculate 1 - (4 - 1 - -3).
-5
What is the value of 5 + -2 - 1 - (0 - 0)?
2
Calculate (-8 - (-2 + 0)) + -33 + 33.
-6
What is 9 + 0 - 1 - (168 - 155)?
-5
Evaluate (13 - 4) + -3 + -4.
2
What is the value of -1 + (-2 - -3 - (-3 - -1))?
2
-7 - 0 - (-7 - -4)
-4
What is -8 + (-4 - -5 - -5)?
-2
Evaluate -4 + (-9 - -18) + -1 + -5.
-1
What is the value of (-17 - (3 + -2)) + 10?
-8
What is the value of (0 - 1) + -4 + 5?
0
What is -23 - -14 - (-4 - (-2 + 1))?
-6
What is -6 + -3 + 10 + 3?
4
What is the value of -10 + -2 + -9 + 13?
-8
What is the value of 12 - (-3 + (6 - -2)) - 6?
1
Evaluate (3 + 0 - -1) + 1.
5
Evaluate -2 - -16 - (-1 - -6).
9
4 - (-2 + (4 - (-5 - -5)))
2
Calculate (-1 - 9 - 3) + (33 - 27).
-7
-6 - (-3 + 9 - 16)
4
Calculate -2 - ((2 - 0) + 0 - -1).
-5
What is -9 + 6 + 8 - 3?
2
What is the value of 0 - (1 - (-5 - -3))?
-3
What is 0 - (0 - -6) - (14 + -14)?
-6
Calculate -1 + (13 - 12) - -10.
10
-42 + 51 + 0 + -3 + 1
7
What is the value of 10 + (-18 + 6 - -9)?
7
What is the value of 9 + -6 + -13 + 2 + 0?
-8
-3 - (-2 + (-5 + 10 - 5))
-1
-2 + (-5 - -21 - 8)
6
4 + 4 + -6 + -6
-4
Evaluate -5 - -5 - ((-2 - -4) + 2).
-4
Evaluate -8 + 11 + (-4 - 1).
-2
(-2 - 0) + -3 + 1
-4
What is (3 - (2 + 0)) + 1 - -1?
3
What is the value of 2 - (3 - (-1 + 7)) - 0?
5
Evaluate -3 - -1 - (2 + -9) - 10.
-5
What is the value of (4 - 6) + 4 - (1 + 1)?
0
What is the value of (7 + -4 - -1) + -3?
1
What is (15 + -1 - (13 + -6)) + -8?
-1
Evaluate (4 + -3 - (-3 - -5)) + -7.
-8
Calculate (-1 + 2 + 2 - 2) + -7.
-6
Evaluate -3 - 0 - (5 + -8 - 2).
2
Calculate (-10 - -24) + -6 + 0 + -3.
5
Calculate 0 + (-2 - 2 - -2) - 3.
-5
What is (1 - -3) + 1 + (-4 - 2)?
-1
What is -1 + 2 + (2 - (3 - -3))?
-3
What is (8 - -2) + (-23 - -15)?
2
What is the value of (5 - 9) + (13 - 15)?
-6
4 + -1 + (0 - 0) + -4
-1
What is the value of (4 - 2) + 0 + -1 + -3?
-2
What is the value of -1 - (-2 + 6 + (-5 - -2))?
-2
12 - ((-12 - -28) + -1)
-3
(5 + 2 - 2 - -1) + -6
0
Calculate 2 - (-4 - (-1 - 3)).
2
Evaluate -1 + (1 - 6 - -2).
-4
What is 1 + 4 - (-27 + 29)?
3
(1 - -7) + (4 - 9)
3
What is the value of -12 - (-15 + 1 + 7) - -12?
7
Calculate 0 + 2 + 1 + 2 + -5.
0
What is the value of 1 + -18 + (-19 - -24) - -7?
-5
4 + -2 + (140 - 145)
-3
Calculate 16 + -12 + -9 + 0.
-5
What is the value of 6 - (-3 - -2 - -4)?
3
What is the value of -5 + 5 + 2 + -1?
1
What is the value of (19 - (5 - -3)) + -4 + -13?
-6
Evaluate (6 - 1) + -2 + -8.
-5
Evaluate (-6 - -6) + 0 + 0.
0
What is the value of 8 - ((-4 - 1) + 10)?
3
What is 3 + (9 - 2) + -6 + -3?
1
Evaluate 5 - (3 - (-2 - -3 - 1)).
2
(-1 - -8 - 2) + -6 + 5
4
(-13 - -25) + (2 - 11)
3
8 - 17 - -18 - 3
6
Calculate 2 + 2 - (0 + 4).
0
Calculate 2 - -5 - (9 - 3).
1
What is -5 + 13 - 9 - -2?
1
What is the value of -2 + 3 + (6 - 5) + 0?
2
0 - -7 - (10 + -11)
8
What is (8 - 1) + -2 - (5 + -1)?
1
Calculate (2 - (4 - 8)) + 11 + -7.
10
Evaluate 0 + 2 + 2 + (1 - 2).
3
Calculate 4 - 3 - -1 - (2 + 0).
0
What is 8 - (8 - (-7 - (-9 + 4)))?
-2
Calculate 10 + (8 - -2 - 11).
9
What is -1 + 3 - (4 + 1 + 2)?
-5
Calculate (-4 - 3 - -12) + 1 + -1.
5
What is the value of (-5 - (-4 + -2)) + -2 + 1?
0
What is 12 + -11 - (1 + 2 - 0)?
-2
-6 - ((-6 - 1) + 5)
-4
What is 2 + -4 - (-1 